ts digit of 57567655?
5
What is the millions digit of 13578648?
3
What is the ten thousands digit of 29750161?
5
What is the hundreds digit of 1657259928?
9
What is the hundred thousands digit of 74304222?
3
What is the ten thousands digit of 160236380?
3
What is the hundred millions digit of 619520603?
6
What is the hundreds digit of 39846334?
3
What is the hundred millions digit of 2470512895?
4
What is the millions digit of 1375527321?
5
What is the hundred millions digit of 4121292221?
1
What is the hundred thousands digit of 6102017920?
0
What is the hundreds digit of 1253214879?
8
What is the millions digit of 68837401?
8
What is the thousands digit of 107612696?
2
What is the units digit of 1302000188?
8
What is the thousands digit of 96637329?
7
What is the hundreds digit of 24932122?
1
What is the billions digit of 1396553060?
1
What is the thousands digit of 3766315?
6
What is the ten millions digit of 616488577?
1
What is the millions digit of 20087281?
0
What is the hundred thousands digit of 3663513250?
5
What is the tens digit of 889076243?
4
What is the ten thousands digit of 445692157?
9
What is the thousands digit of 637069208?
9
What is the ten millions digit of 145500353?
4
What is the hundred thousands digit of 359693957?
6
What is the tens digit of 1843965167?
6
What is the tens digit of 182231658?
5
What is the millions digit of 1984652441?
4
What is the hundreds digit of 52630116?
1
What is the ten thousands digit of 75660206?
6
What is the ten millions digit of 30793398?
3
What is the ten millions digit of 110867986?
1
What is the millions digit of 68940733?
8
What is the hundred thousands digit of 408536245?
5
What is the billions digit of 2460580414?
2
What is the hundred thousands digit of 8708015?
7
What is the ten millions digit of 276565005?
7
What is the thousands digit of 6257034237?
4
What is the hundreds digit of 207494826?
8
What is the thousands digit of 40059960?
9
What is the ten thousands digit of 1133634161?
3
What is the ten thousands digit of 42266694?
6
What is the thousands digit of 18295780?
5
What is the hundreds digit of 2884162?
1
What is the hundred thousands digit of 3254800914?
8
What is the hundreds digit of 621536984?
9
What is the hundreds digit of 343336416?
4
What is the tens digit of 64921824?
2
What is the ten millions digit of 64164551?
6
What is the hundred millions digit of 2436912564?
4
What is the thousands digit of 45889482?
9
What is the billions digit of 4506655801?
4
What is the billions digit of 1282826708?
1
What is the billions digit of 2523724618?
2
What is the hundreds digit of 6120227?
2
What is the ten thousands digit of 76830342?
3
What is the thousands digit of 3808868852?
8
What is the ten thousands digit of 506888925?
8
What is the millions digit of 80204800?
0
What is the ten millions digit of 235092845?
3
What is the thousands digit of 423177462?
7
What is the hundred millions digit of 316756933?
3
What is the units digit of 6301357241?
1
What is the ten millions digit of 10871315?
1
What is the tens digit of 776248126?
2
What is the hundred thousands digit of 12191095?
1
What is the hundred millions digit of 423474053?
4
What is the millions digit of 965462371?
5
What is the ten thousands digit of 523675055?
7
What is the millions digit of 7698411945?
8
What is the hundreds digit of 685167153?
1
What is the tens digit of 24497694?
9
What is the ten millions digit of 34149181?
3
What is the millions digit of 126808850?
6
What is the ten millions digit of 47351475?
4
What is the units digit of 30056208?
8
What is the ten thousands digit of 2007387849?
8
What is the hundred millions digit of 2031993164?
0
What is the hundred millions digit of 3396549861?
3
What is the hundred thousands digit of 1103534720?
5
What is the ten thousands digit of 765256707?
5
What is the hundred thousands digit of 8288388?
2
What is the ten millions digit of 292191418?
9
What is the thousands digit of 70237085?
7
What is the ten thousands digit of 138113969?
1
What is the hundred thousands digit of 23935423?
9
What is the millions digit of 35389706?
5
What is the tens digit of 626107686?
8
What is the tens digit of 695868211?
1
What is the tens digit of 26944284?
8
What is the ten thousands digit of 468731596?
3
What is the hundreds digit of 848641766?
7
What is the ten thousands digit of 23891398?
9
What is the hundred thousands digit of 3584076597?
0
What is the tens digit of 665832524?
2
What is the ten thousands digit of 2269915949?
1
What is the tens digit of 2715937355?
5
What is the tens digit of 34119728?
2
What is the units digit of 146691650?
0
What is the thousands digit of 190805347?
5
What is the tens digit of 7721641020?
2
What is the thousands digit of 2983882167?
2
What is the hundred millions digit of 361606413?
3
What is the thousands digit of 500058602?
8
What is the thousands digit of 1296648178?
8
What is the hundreds digit of 6231789?
7
What is the hundreds digit of 40570980?
9
What is the units digit of 1959494163?
3
What is the millions digit of 1628472858?
8
What is the hundred thousands digit of 17644623?
6
What is the units digit of 486463699?
9
What is the hundreds digit of 147389073?
0
What is the hundred thousands digit of 519522111?
5
What is the ten thousands digit of 1117689521?
8
What is the tens digit of 969535455?
5
What is the thousands digit of 2395946932?
6
What is the ten thousands digit of 431680330?
8
What is the millions digit of 23743863?
3
What is the ten thousands digit of 839324405?
2
What is the hundreds digit of 6291261?
2
What is the hundred thousands digit of 255336360?
3
What is the tens digit of 330354339?
3
What is the hundreds digit of 90001757?
7
What is the ten millions digit of 2766547454?
6
What is the hundred thousands digit of 47046894?
0
What is the units digit of 209970335?
5
What is the tens digit of 892140597?
9
What is the ten millions digit of 136038837?
3
What is the units digit of 76476283?
3
What is the millions digit of 48733763?
8
What is the millions digit of 1871180333?
1
What is the millions digit of 40528679?
0
What is the tens digit of 1055220050?
5
What is the thousands digit of 89006895?
6
What is the ten millions digit of 6929902029?
2
What is the ten thousands digit of 4050084539?
8
What is the thousands digit of 130172001?
2
What is the tens digit of 323259444?
4
What is the thousands digit of 5155772625?
2
What is the millions digit of 148295969?
8
What is the tens digit of 156831509?
0
What is the hundred millions digit of 2099567389?
0
What is the millions digit of 92904380?
2
What is the hundred thousands digit of 7428684031?
6
What is the hundreds digit of 2304722295?
2
What is the ten thousands digit of 1289206979?
0
What is the units digit of 22013442?
2
What is the hundred millions digit of 548049685?
5
What is the ten millions digit of 637415579?
3
What is the hundred thousands digit of 19176179?
1
What is the ten millions digit of 4281376422?
8
What is the units digit of 132389220?
0
What is the ten thousands digit of 476984408?
8
What is the units digit of 1688440978?
8
What is the hundred thousands digit of 112249746?
2
What is the ten thousands digit of 458271644?
7
What is the ten millions digit of 659741839?
5
What is the thousands digit of 4631989201?
9
What is the units digit of 1145803010?
0
What is the ten thousands digit of 2145817828?
1
What is the thousands digit of 29252005?
2
What is the thousands digit of 190601944?
1
What is the units digit of 10022201?
1
What is the hundreds digit of 370100865?
8
What is the thousands digit of 53492802?
2
What is the ten thousands digit of 273545921?
4
What is the millions digit of 61025337?
1
What is the hundreds digit of 895829389?
3
What is the tens digit of 2353343972?
7
What is the ten millions digit of 109049455?
0
What is the units digit of 45279069?
9
What is the millions digit of 76596577?
6
What is the millions digit of 2490438370?
0
What is the thousands digit of 376593846?
3
What is the millions digit of 1401745804?
1
What is the hundred thousands digit of 2535963?
5
What is the thousands digit of 164149282?
9
What is the ten thousands digit of 5513726724?
2
What is the units digit of 1142837112?
2
What is the hundred millions dig